ase 11) to base 15
18
What is -41442 (base 5) in base 8?
-5273
Convert 33e3 (base 16) to base 5.
411113
What is -101010010111 (base 2) in base 13?
-1307
What is 10210 (base 4) in base 10?
292
10100101110 (base 2) to base 10
1326
What is -41224 (base 6) in base 16?
-1570
Convert c23 (base 13) to base 5.
31212
Convert 2444 (base 5) to base 8.
566
Convert 111000110011 (base 2) to base 13.
1868
Convert 108444 (base 9) to base 2.
1111111011011101
Convert 635 (base 10) to base 12.
44b
What is 347 (base 8) in base 2?
11100111
What is -100130 (base 4) in base 15?
-4a2
Convert -1111111111011 (base 2) to base 7.
-32604
-2333 (base 6) to base 4
-20301
-10ab (base 13) to base 6
-14454
Convert -34120 (base 9) to base 3.
-1011010200
What is 67 (base 10) in base 8?
103
What is 31c (base 15) in base 8?
1276
Convert -d07 (base 14) to base 9.
-3448
Convert -4768 (base 9) to base 7.
-13223
Convert 3ac (base 13) to base 4.
22021
Convert 15512 (base 6) to base 9.
3458
Convert 2020 (base 5) to base 12.
198
-5737 (base 11) to base 13
-3582
111010 (base 4) to base 14
6c4
Convert -100010001 (base 2) to base 10.
-273
Convert -212 (base 14) to base 6.
-1520
What is -1a22 (base 14) in base 11?
-3614
Convert 270 (base 9) to base 4.
3201
Convert -213163 (base 7) to base 12.
-195aa
9504 (base 14) to base 5
1310210
34043 (base 6) to base 4
1022223
What is -1ebc (base 16) in base 14?
-2c20
Convert -10100011011011 (base 2) to base 3.
-112100101
10563 (base 8) to base 3
20010110
-111201022 (base 3) to base 2
-10011100001110
Convert -320 (base 4) to base 14.
-40
What is -4883 (base 13) in base 3?
-112001112
-21471 (base 9) to base 10
-14239
Convert 53 (base 13) to base 5.
233
Convert 4588a (base 11) to base 16.
102ed
What is -14a (base 13) in base 10?
-231
10b36 (base 15) to base 10
53151
100101001 (base 2) to base 9
360
What is 4214 (base 5) in base 7?
1426
What is 101222 (base 3) in base 2?
100101000
What is -238 (base 12) in base 5?
-2312
-221022120 (base 3) to base 7
-104544
Convert -626 (base 8) to base 14.
-210
-2a8 (base 11) to base 3
-111100
What is -352043 (base 6) in base 10?
-30267
What is 47161 (base 9) in base 2?
111101011111011
What is -13114 (base 7) in base 6?
-24054
110000102 (base 3) to base 13
3caa
-31300 (base 7) to base 11
-5864
What is 3642 (base 9) in base 14?
db9
What is -33001 (base 5) in base 10?
-2251
What is 1b774 (base 15) in base 13?
31927
What is 133223 (base 5) in base 13?
2624
-21b7 (base 13) to base 2
-1001001101001
Convert 1100000 (base 2) to base 5.
341
Convert 842 (base 9) to base 6.
3102
Convert 20733 (base 10) to base 7.
114306
Convert 220230 (base 4) to base 9.
3513
What is 9801 (base 15) in base 4?
13312300
1cef (base 16) to base 14
29b1
What is 1617 (base 9) in base 12?
867
ea4 (base 16) to base 9
5124
What is -8438 (base 9) in base 7?
-24023
What is -95c5 (base 13) in base 5?
-1131104
Convert -11111101011011 (base 2) to base 13.
-74c8
Convert 91b (base 12) to base 14.
6a3
Convert 8613 (base 9) to base 7.
24312
What is -643 (base 12) in base 13?
-555
What is -9 (base 12) in base 6?
-13
-1233 (base 6) to base 14
-181
What is -4970 (base 12) in base 5?
-231132
4833 (base 9) to base 10
3594
What is -807 (base 11) in base 13?
-5a0
What is 1210301 (base 4) in base 15?
1d9e
What is 33150 (base 7) in base 10?
8316
Convert 1141453 (base 6) to base 4.
32221221
193 (base 15) to base 8
553
Convert -87 (base 15) to base 7.
-241
What is 11105 (base 7) in base 4?
223232
What is 758 (base 9) in base 8?
1154
Convert 172 (base 9) to base 11.
123
What is 110101002 (base 3) in base 13?
414b
-2484 (base 9) to base 7
-5263
What is -a5 (base 16) in base 11?
-140
Convert 39639 (base 10) to base 5.
2232024
177 (base 13) to base 5
2032
-1a2 (base 13) to base 10
-301
What is 163 (base 7) in base 10?
94
5703 (base 8) to base 7
11531
110101101111 (base 2) to base 14
1379
What is 26 (base 12) in base 8?
36
-28a (base 16) to base 10
-650
Convert 2456 (base 8) to base 4.
110232
22510 (base 6) to base 14
1254
What is -201a (base 14) in base 9?
-7504
32322 (base 4) to base 2
1110111010
What is -1a6 (base 11) in base 14?
-12d
2562 (base 9) to base 12
113b
Convert -1323 (base 10) to base 12.
-923
Convert -1202010 (base 3) to base 9.
-1663
Convert -54274 (base 9) to base 12.
-1897a
1001021 (base 3) to base 16
2fb
-1100101 (base 2) to base 16
-65
426205 (base 7) to base 3
10202202211
Convert 11101 (base 3) to base 14.
86
-11010011110 (base 2) to base 16
-69e
What is 19c (base 16) in base 3?
120021
1276 (base 10) to base 2
10011111100
What is -302432 (base 5) in base 10?
-9742
Convert 50e2 (base 16) to base 10.
20706
15435 (base 11) to base 6
245002
What is 158 (base 12) in base 11?
183
Convert 1da2 (base 14) to base 6.
41054
Convert 24564 (base 8) to base 16.
2974
Convert -411 (base 9) to base 3.
-110101
Convert 1388 (base 11) to base 2.
11011111110
What is 14311 (base 5) in base 14?
622
Convert 2610 (base 8) to base 3.
1221110
Convert 4469 (base 10) to base 13.
205a
Convert 487 (base 9) to base 11.
337
Convert 220212100 (base 3) to base 11.
12689
What is -7440 (base 11) in base 16?
-2675
Convert -102214 (base 5) to base 12.
-1ba2
Convert -746 (base 12) to base 9.
-1410
74b (base 16) to base 12
10b7
What is 103014 (base 6) in base 7?
33406
-17654 (base 10) to base 12
-a272
What is 268 (base 16) in base 4?
21220
What is -2211 (base 9) in base 12?
-b3a
What is -5024 (base 9) in base 12?
-2157
-120010121 (base 3) to base 4
-2230120
-164341 (base 7) to base 13
-11bb1
What is 2072 (base 9) in base 13?
902
What is 10001111010111111 (base 2) in base 8?
217277
Convert -2112 (base 3) to base 2.
-1000100
Convert 826 (base 9) to base 5.
10142
What is -11110011101110 (base 2) in base 13?
-713b
What is 11120 (base 5) in base 8?
1421
Convert -11601 (base 7) to base 8.
-5737
8332 (base 14) to base 5
1210314
cb (base 15) to base 12
13b
-123 (base 10) to base 2
-1111011
What is -87646 (base 9) in base 4?
-32030013
42550 (base 7) to base 5
314240
-7a93 (base 11) to base 14
-3c33
-1110 (base 8) to base 3
-210122
4443 (base 12) to base 7
30660
-23a (base 14) to base 2
-110111100
Convert -68 (base 11) to base 13.
-59
22921 (base 10) to base 9
34387
-13d (base 14) to base 12
-18b
-3a8c (base 13) to base 14
-30bb
What is 112 (base 4) in base 2?
10110
Convert 5812 (base 9) to base 15.
141e
172213 (base 8) to base 6
1201455
What is -113232 (base 5) in base 11?
-3171
What is -2359 (base 11) in base 7?
-12002
What is 65323 (base 7) in base 8?
37635
36318 (base 9) to base 13
b0b7
3023 (base 8) to base 11
1194
What is -10129 (base 14) in base 4?
-21123321
Convert 11402 (base 5) to base 7.
2325
Convert 10430 (base 5) to base 7.
2105
Convert -4b25 (base 13) to base 10.
-10678
What is 2214034 (base 5) in base 12?
1a444
Convert -23223 (base 4) to base 14.
-3b5
116611 (base 9) to base 7
412324
20011 (base 3) to base 2
10100110
What is 3033311 (base 5) in base 11?
33a73
What is 79 (base 16) in base 14?
89
What is 92 (base 14) in base 7?
242
18373 (base 9) to base 13
5a21
What is -42411 (base 9) in base 13?
-c9b8
What is -16242 (base 7) in base 12?
-27a3
What is 1201 (base 8) in base 3?
212202
-66111 (base 7) to base 4
-10002021
Convert -17673 (base 10) to base 12.
-a289
Convert 1a7 (base 16) to base 11.
355
Convert -737 (base 10) to base 7.
-2102
606 (base 10) to base 2
1001011110
Convert -65 (base 9) to base 2.
-111011
13120 (base 9) to base 7
34536
-33455 (base 6) to base 10
-4715
Convert 25725 (base 8) to base 16.
2bd5
-2787 (base 9) to base 8
-4070
-8713 (base 16) to base 7
-202546
What is -1001001011 (base 2) in base 3?
-210202
What is 333 (base 7) in base 8?
253
What is 332 (base 11) in base 7?
1106
What is 1b7 (base 16) in base 4?
12313
What is 2255 (base 10) in base 4?
203033
Convert a2c (base 16) to base 13.
1254
-1101 (base 3) to base 8
-45
Convert -6ad (base 14) to base 16.
-531
What is -11023 (base 5) in base 11?
-634
15a6 (base 11) to base 8
4004
What is -2003104 (base 5) in base 10?
-31654
498 (base 11) to base 8
1117
What is -105 (base 8) in base 2?
-1000101
Convert 22001 (base 5) to base 16.
5dd
43715 (base 9) to base 6
342152
Convert -171 (base 9) to base 15.
-9a
What is 1010101100101 (base 2) in base 7?
21653
Convert 1001001010101 (base 2) to base 8.
11125
Convert 16 (base 7) to base 2